 prime number?
True
Is 11269 a composite number?
True
Is 16897 a prime number?
False
Is 22633 prime?
False
Is 373621 a composite number?
False
Is 6431 a prime number?
False
Is 156991 a composite number?
True
Is 6469 composite?
False
Is 12021 a prime number?
False
Is 2773 composite?
True
Is 3907 a composite number?
False
Is 475129 composite?
True
Is 5587 composite?
True
Is 465873 prime?
False
Is 2364801 a composite number?
True
Is 8039 a composite number?
False
Is 344963 a composite number?
False
Is 192251 composite?
False
Is 5497 prime?
False
Is 654553 composite?
False
Is 14569 a composite number?
True
Is 521799 composite?
True
Is 6229 prime?
True
Is 1693 composite?
False
Is 36167 a composite number?
True
Is 461801 prime?
True
Is 18353 a prime number?
True
Is 529315 a prime number?
False
Is 4322 a composite number?
True
Is 88187 a prime number?
False
Is 2897 prime?
True
Is 25918 composite?
True
Is 71569 a prime number?
True
Is 8885 a prime number?
False
Is 22721 a composite number?
False
Is 17401 composite?
False
Is 1227353 prime?
True
Is 264697 a composite number?
False
Is 1217 composite?
False
Is 262 prime?
False
Is 878 a composite number?
True
Is 6211 a composite number?
False
Is 50831 prime?
False
Is 29819 a composite number?
False
Is 164127 prime?
False
Is 34403 a prime number?
True
Is 152687 a prime number?
False
Is 151077 prime?
False
Is 817 composite?
True
Is 313151 composite?
False
Is 879803 composite?
True
Is 417994 a composite number?
True
Is 345007 a composite number?
True
Is 561211 a prime number?
False
Is 2747 composite?
True
Is 191227 composite?
False
Is 1569961 a prime number?
True
Is 17819 composite?
True
Is 25301 a composite number?
False
Is 9521 prime?
True
Is 49513 prime?
False
Is 92203 composite?
False
Is 63031 composite?
False
Is 35909 composite?
True
Is 116605 prime?
False
Is 662 composite?
True
Is 5207 prime?
False
Is 373 composite?
False
Is 234917 prime?
True
Is 34027 prime?
False
Is 455209 a prime number?
False
Is 12297 a composite number?
True
Is 26623 composite?
True
Is 114209 prime?
False
Is 45707 composite?
False
Is 834737 a composite number?
True
Is 7069 a composite number?
False
Is 23927 a composite number?
True
Is 2743 a prime number?
False
Is 706907 a prime number?
True
Is 3093 composite?
True
Is 19529 a composite number?
True
Is 1471 composite?
False
Is 21343 prime?
False
Is 152939 a prime number?
True
Is 103747 composite?
True
Is 90163 a composite number?
False
Is 1590683 a composite number?
False
Is 979 prime?
False
Is 205334 a composite number?
True
Is 608819 a composite number?
False
Is 13667 prime?
False
Is 22511 a composite number?
False
Is 379 prime?
True
Is 11159 a composite number?
False
Is 19641 composite?
True
Is 1071479 a composite number?
False
Is 833633 a composite number?
False
Is 28814 prime?
False
Is 20681 a prime number?
True
Is 3042541 a prime number?
False
Is 1543 a composite number?
False
Is 4493 a composite number?
False
Is 1818361 a composite number?
True
Is 48157 prime?
True
Is 64105 a composite number?
True
Is 565637 composite?
False
Is 2833 composite?
False
Is 2489 a composite number?
True
Is 2139653 a composite number?
False
Is 400457 composite?
False
Is 112951 a prime number?
True
Is 77 composite?
True
Is 20122 a prime number?
False
Is 25097 prime?
True
Is 652603 a prime number?
False
Is 287809 prime?
False
Is 857931 prime?
False
Is 328961 composite?
False
Is 14647 prime?
False
Is 25163 a composite number?
False
Is 6803 a prime number?
True
Is 15727 a prime number?
True
Is 17183 a composite number?
False
Is 145861 a composite number?
False
Is 344827 composite?
True
Is 8321 prime?
False
Is 1895 composite?
True
Is 650213 prime?
True
Is 72749 a prime number?
False
Is 16237 composite?
True
Is 346 prime?
False
Is 24551 prime?
True
Is 8551 a composite number?
True
Is 756529 prime?
False
Is 34499 a prime number?
True
Is 47417 a composite number?
False
Is 7711 a prime number?
False
Is 10589 a prime number?
True
Is 16493 prime?
True
Is 2246 a composite number?
True
Is 4201 a composite number?
False
Is 1385591 a composite number?
True
Is 397 prime?
True
Is 54167 prime?
True
Is 1293 a prime number?
False
Is 73217 prime?
False
Is 19187 a prime number?
False
Is 63107 composite?
True
Is 2017 a composite number?
False
Is 20441 a composite number?
False
Is 70601 composite?
True
Is 919909 a prime number?
False
Is 22931 composite?
True
Is 128143 prime?
False
Is 28081 a prime number?
True
Is 103585 composite?
True
Is 444553 a composite number?
False
Is 2774839 prime?
False
Is 500537 a prime number?
False
Is 19001 a prime number?
True
Is 1087 a composite number?
False
Is 2040593 a prime number?
True
Is 61135 a prime number?
False
Is 47191 composite?
True
Is 591 prime?
False
Is 377155 a prime number?
False
Is 2183 a prime number?
False
Is 2333 a composite number?
False
Is 78871 prime?
False
Is 4271 a composite number?
False
Is 37913 a prime number?
False
Is 10471 prime?
False
Is 382351 a composite number?
False
Is 7001 a prime number?
True
Is 293257 prime?
True
Is 140977 composite?
False
Is 13367 prime?
True
Is 38351 composite?
False
Is 6709 a prime number?
True
Is 67499 a prime number?
True
Is 4201 a prime number?
True
Is 493 a prime number?
False
Is 1011973 prime?
True
Is 126589 a composite number?
True
Is 38389 prime?
False
Is 179779 prime?
True
Is 248441 prime?
True
Is 1970242 prime?
False
Is 11027 prime?
True
Is 37189 a prime number?
True
Is 391 a prime number?
False
Is 13157 a composite number?
True
Is 1003 a composite number?
True
Is 55477 composite?
True
Is 10559 prime?
True
Is 59863 composite?
False
Is 729211 a composite number?
True
Is 535793 a composite number?
False
Is 91226 composite?
True
Is 28789 prime?
True
Is 40055 prime?
False
Is 76637 a composite number?
True
Is 35023 a prime number?
True
Is 360662 prime?
False
Is 14207 prime?
True
Is 3543 prime?
False
Is 272951 a prime number?
False
Is 5163 a composite number?
True
Is 263 a prime number?
True
Is 53481 a prime number?
False
Is 167065 composite?
True
Is 104623 composite?
False
Is 83177 composite?
False
Is 22 prime?
False
Is 247901 a composite number?
False
Is 222877 a composite number?
False
Is 29597 prime?
False
Is 42697 a prime number?
True
Is 153097 a composite number?
True
Is 500153 a prime number?
True
Is 25439 composite?
False
Is 7463 composite?
True
Is 22531 a composite number?
False
Is 38578 prime?
False
Is 3943 a composite number?
False
Is 34387 a prime number?
False
Is 153487 prime?
True
Is 628651 a composite number?
False
Is 871523 prime?
False
Is 108302 a composite number?
True
Is 774929 a prime number?
True
Is 346403 composite?
True
Is 172709 composite?
False
Is 10589 composite?
False
Is 10297 a prime number?
False
Is 1482607 a composite number?
True
Is 114783 composite?
True
Is 7243 prime?
True
Is 739159 prime?
False
Is 87457 a composite number?
True
Is 19 composite?
False
Is 3943 prime?
True
Is 26981 a prime number?
True
Is 15481 composite?
True
Is 38629 composite?
False
Is 7477 prime?
True
Is 1037953 a composite number?
True
Is 783641 prime?
True
Is 256969 composite?
True
Is 5093 composite?
True
Is 1459 a composite number?
False
Is 27617 a composite number?
False
Is 5141 a prime number?
False
Is 70777 prime?
False
Is 406117 a prime number?
True
Is 172199 a prime number?
True
Is 3793 prime?
True
Is 5847 a composite number?
True
Is 22497 a prime number?
False
Is 168697 a composite number?
False
Is 133681 composite?
True
Is 34519 a composite number?
False
Is 3217 a composite number?
False
Is 49967 composite?
True
Is 91453 prime?
True
Is 515579 a prime number?
True
Is 9722 a composite number?
True
Is 103001 composite?
False
Is 142199 a composite number?
True
Is 631 a prime number?
True
Is 63823 prime?
True
Is 2761 prime?
False
Is 5357 a composite number?
True
Is 3746077 a composite number?
False
Is 343641 a composite number?
True
Is 43471 prime?
False
Is 2317 composite?
True
Is 329059 a composite number?
False
Is 328327 a prime number?
True
Is 28699 composite?
True
Is 103951 composite?
False
Is 15641 a prime number?
True
Is 9147 a prime number?
False
Is 74059 composite?
True
Is 6211 a prime number?
True
Is 95255 prime?
False
Is 13607 a prime number?
False
Is 3360983 prime?
True
Is 4391 a prime number?
True
Is 97 compo